{"id":14,"date":"2024-01-02T18:09:23","date_gmt":"2024-01-02T17:09:23","guid":{"rendered":"http:\/\/stowarzyszeniewenus.pl\/?page_id=14"},"modified":"2026-03-24T20:40:57","modified_gmt":"2026-03-24T19:40:57","slug":"o-nas","status":"publish","type":"page","link":"https:\/\/stowarzyszeniewenus.pl\/","title":{"rendered":"O NAS"},"content":{"rendered":"\n<h2 class=\"wp-block-heading\">Witaj w naszej spo\u0142eczno\u015bci!<\/h2>\n\n\n\n<p>Stowarzyszenie Wenus powsta\u0142o z potrzeby serca i przekonania, \u017ce ka\u017cda osoba zas\u0142uguje na wsparcie, zrozumienie i drug\u0105 szans\u0119. Naszym celem jest wspieranie rodzic\u00f3w, a w szczeg\u00f3lno\u015bci kobiet, kt\u00f3re znalaz\u0142y si\u0119 w trudnej sytuacji materialnej, psychicznej lub \u017cyciowej. Wiemy, jak trudno jest rozpocz\u0105\u0107 wszystko od nowa, gdy brakuje wsparcia ze strony bliskich, a problemy narastaj\u0105. Chcemy by\u0107 miejscem, w kt\u00f3rym mo\u017cna znale\u017a\u0107 si\u0142\u0119, nadziej\u0119 i realn\u0105 pomoc.<\/p>\n\n\n\n<p>Pomagamy osobom, kt\u00f3re stoj\u0105 na rozdro\u017cu i zmagaj\u0105 si\u0119 z kryzysem \u017cyciowym, bezrobociem, trudn\u0105 sytuacj\u0105 mieszkaniow\u0105 lub emocjonaln\u0105. Nasze dzia\u0142ania opieraj\u0105 si\u0119 na budowaniu poczucia bezpiecze\u0144stwa, sprawczo\u015bci i godno\u015bci. Ka\u017cda osoba trafiaj\u0105ca do nas ma wiedzie\u0107, \u017ce nie jest sama.<\/p>\n\n\n\n<p>Wsp\u00f3\u0142pracujemy z instytucjami oraz organizacjami dzia\u0142aj\u0105cymi na rzecz dzieci i rodzin, w tym z Powiatowym Centrum Pomocy Rodzinie oraz plac\u00f3wkami opieku\u0144czymi, takimi jak Dom Dziecka \u201eT\u0119cza\u201d i \u201eR\u00f3\u017cany Zak\u0105tek\u201d. Wspieramy m\u0142odzie\u017c w przygotowaniu do doros\u0142ego \u017cycia, pomagamy zdobywa\u0107 pierwsze do\u015bwiadczenia, rozwija\u0107 samodzielno\u015b\u0107 i pewno\u015b\u0107 siebie. Dla dzieci organizujemy dzia\u0142ania edukacyjne, warsztaty i inicjatywy rozwijaj\u0105ce.<\/p>\n\n\n\n<p>Jednym z filar\u00f3w naszej dzia\u0142alno\u015bci jest Sklep Charytatywny Wenus, miejsce, w kt\u00f3rym dobro kr\u0105\u017cy dalej. Organizujemy zbi\u00f3rki ubra\u0144, zabawek, mebli, \u017cywno\u015bci i artyku\u0142\u00f3w codziennego u\u017cytku. Pomoc trafia bezpo\u015brednio do os\u00f3b potrzebuj\u0105cych, a cz\u0119\u015b\u0107 rzeczy zasila sklep, dzi\u0119ki czemu mo\u017cemy finansowa\u0107 bie\u017c\u0105ce dzia\u0142ania, wsparcie specjalistyczne oraz rozw\u00f3j inicjatyw spo\u0142ecznych.<\/p>\n\n\n\n<p>Stowarzyszenie Wenus to przestrze\u0144 zrozumienia, wsparcia i realnego dzia\u0142ania. Tworzymy spo\u0142eczno\u015b\u0107, w kt\u00f3rej ka\u017cdy ma znaczenie, zar\u00f3wno osoba potrzebuj\u0105ca, jak i darczy\u0144ca, wolontariusz czy partner.<\/p>\n\n\n\n<hr class=\"wp-block-separator has-alpha-channel-opacity\"\/>\n\n\n\n<p><\/p>\n\n\n\n<p>KRS: 0001056441<\/p>\n\n\n\n<p>NIP: 7752671947<\/p>\n\n\n\n<p>REGON: 526311744<\/p>\n\n\n\n<p>Adres siedziby: Kili\u0144skiego 1, 99-300 Kutno, Polska<\/p>\n\n\n\n<p>Forma prawna: Stowarzyszenie<\/p>\n\n\n\n<p>Data rejestracji: 6 wrze\u015bnia 2023 r.<\/p>\n\n\n\n<p><\/p>\n","protected":false},"excerpt":{"rendered":"<p>Witaj w naszej spo\u0142eczno\u015bci! Stowarzyszenie Wenus powsta\u0142o z potrzeby serca i przekonania, \u017ce ka\u017cda osoba zas\u0142uguje na wsparcie, zrozumienie i drug\u0105 szans\u0119. Naszym celem jest wspieranie rodzic\u00f3w, a w szczeg\u00f3lno\u015bci kobiet, kt\u00f3re znalaz\u0142y si\u0119 w trudnej sytuacji materialnej, psychicznej lub \u017cyciowej. Wiemy, jak trudno jest rozpocz\u0105\u0107 wszystko od nowa, gdy brakuje wsparcia ze strony bliskich, a problemy narastaj\u0105. Chcemy by\u0107 miejscem, w kt\u00f3rym mo\u017cna znale\u017a\u0107 si\u0142\u0119, nadziej\u0119 i realn\u0105 pomoc. Pomagamy osobom, kt\u00f3re stoj\u0105 na rozdro\u017cu i zmagaj\u0105 si\u0119 z kryzysem \u017cyciowym, bezrobociem, trudn\u0105 sytuacj\u0105 mieszkaniow\u0105 lub emocjonaln\u0105. Nasze dzia\u0142ania opieraj\u0105 si\u0119 na budowaniu poczucia bezpiecze\u0144stwa, sprawczo\u015bci i godno\u015bci. Ka\u017cda &hellip; <\/p>\n","protected":false},"author":1,"featured_media":0,"parent":0,"menu_order":0,"comment_status":"closed","ping_status":"closed","template":"","meta":{"footnotes":""},"class_list":["post-14","page","type-page","status-publish","hentry","latest_post"],"yoast_head":"<!-- This site is optimized with the Yoast SEO plugin v21.8 - https:\/\/yoast.com\/wordpress\/plugins\/seo\/ -->\n<title>O NAS - Stowarzyszenie Wenus Kutno<\/title>\n<meta name=\"description\" content=\"Naszym celem jest wspieranie rodzica znajduj\u0105cego si\u0119 w ci\u0119\u017ckiej sytuacji materialnej, psychicznej i mieszkalnej.\" \/>\n<meta name=\"robots\" content=\"index, follow, max-snippet:-1, max-image-preview:large, max-video-preview:-1\" \/>\n<link rel=\"canonical\" href=\"http:\/\/stowarzyszeniewenus.pl\/\" \/>\n<meta property=\"og:locale\" content=\"pl_PL\" \/>\n<meta property=\"og:type\" content=\"article\" \/>\n<meta property=\"og:title\" content=\"O NAS - Stowarzyszenie Wenus Kutno\" \/>\n<meta property=\"og:description\" content=\"Naszym celem jest wspieranie rodzica znajduj\u0105cego si\u0119 w ci\u0119\u017ckiej sytuacji materialnej, psychicznej i mieszkalnej.\" \/>\n<meta property=\"og:url\" content=\"http:\/\/stowarzyszeniewenus.pl\/\" \/>\n<meta property=\"og:site_name\" content=\"Stowarzyszenie Wenus Kutno\" \/>\n<meta property=\"article:modified_time\" content=\"2026-03-24T19:40:57+00:00\" \/>\n<meta name=\"twitter:card\" content=\"summary_large_image\" \/>\n<meta name=\"twitter:label1\" content=\"Szacowany czas czytania\" \/>\n\t<meta name=\"twitter:data1\" content=\"2 minuty\" \/>\n<script type=\"application\/ld+json\" class=\"yoast-schema-graph\">{\"@context\":\"https:\/\/schema.org\",\"@graph\":[{\"@type\":\"WebPage\",\"@id\":\"http:\/\/stowarzyszeniewenus.pl\/\",\"url\":\"http:\/\/stowarzyszeniewenus.pl\/\",\"name\":\"O NAS - Stowarzyszenie Wenus Kutno\",\"isPartOf\":{\"@id\":\"http:\/\/stowarzyszeniewenus.pl\/#website\"},\"datePublished\":\"2024-01-02T17:09:23+00:00\",\"dateModified\":\"2026-03-24T19:40:57+00:00\",\"description\":\"Naszym celem jest wspieranie rodzica znajduj\u0105cego si\u0119 w ci\u0119\u017ckiej sytuacji materialnej, psychicznej i mieszkalnej.\",\"breadcrumb\":{\"@id\":\"http:\/\/stowarzyszeniewenus.pl\/#breadcrumb\"},\"inLanguage\":\"pl-PL\",\"potentialAction\":[{\"@type\":\"ReadAction\",\"target\":[\"http:\/\/stowarzyszeniewenus.pl\/\"]}]},{\"@type\":\"BreadcrumbList\",\"@id\":\"http:\/\/stowarzyszeniewenus.pl\/#breadcrumb\",\"itemListElement\":[{\"@type\":\"ListItem\",\"position\":1,\"name\":\"Home\",\"item\":\"http:\/\/stowarzyszeniewenus.pl\/\"},{\"@type\":\"ListItem\",\"position\":2,\"name\":\"O NAS\"}]},{\"@type\":\"WebSite\",\"@id\":\"http:\/\/stowarzyszeniewenus.pl\/#website\",\"url\":\"http:\/\/stowarzyszeniewenus.pl\/\",\"name\":\"Stowarzyszenie Wenus Kutno\",\"description\":\"\",\"publisher\":{\"@id\":\"http:\/\/stowarzyszeniewenus.pl\/#organization\"},\"potentialAction\":[{\"@type\":\"SearchAction\",\"target\":{\"@type\":\"EntryPoint\",\"urlTemplate\":\"http:\/\/stowarzyszeniewenus.pl\/?s={search_term_string}\"},\"query-input\":\"required name=search_term_string\"}],\"inLanguage\":\"pl-PL\"},{\"@type\":\"Organization\",\"@id\":\"http:\/\/stowarzyszeniewenus.pl\/#organization\",\"name\":\"Stowarzyszenie Wenus Kutno\",\"url\":\"http:\/\/stowarzyszeniewenus.pl\/\",\"logo\":{\"@type\":\"ImageObject\",\"inLanguage\":\"pl-PL\",\"@id\":\"http:\/\/stowarzyszeniewenus.pl\/#\/schema\/logo\/image\/\",\"url\":\"https:\/\/stowarzyszeniewenus.pl\/wp-content\/uploads\/2025\/04\/cropped-LOGO-WENUS.png\",\"contentUrl\":\"https:\/\/stowarzyszeniewenus.pl\/wp-content\/uploads\/2025\/04\/cropped-LOGO-WENUS.png\",\"width\":1563,\"height\":1563,\"caption\":\"Stowarzyszenie Wenus Kutno\"},\"image\":{\"@id\":\"http:\/\/stowarzyszeniewenus.pl\/#\/schema\/logo\/image\/\"}}]}<\/script>\n<!-- \/ Yoast SEO plugin. -->","yoast_head_json":{"title":"O NAS - Stowarzyszenie Wenus Kutno","description":"Naszym celem jest wspieranie rodzica znajduj\u0105cego si\u0119 w ci\u0119\u017ckiej sytuacji materialnej, psychicznej i mieszkalnej.","robots":{"index":"index","follow":"follow","max-snippet":"max-snippet:-1","max-image-preview":"max-image-preview:large","max-video-preview":"max-video-preview:-1"},"canonical":"http:\/\/stowarzyszeniewenus.pl\/","og_locale":"pl_PL","og_type":"article","og_title":"O NAS - Stowarzyszenie Wenus Kutno","og_description":"Naszym celem jest wspieranie rodzica znajduj\u0105cego si\u0119 w ci\u0119\u017ckiej sytuacji materialnej, psychicznej i mieszkalnej.","og_url":"http:\/\/stowarzyszeniewenus.pl\/","og_site_name":"Stowarzyszenie Wenus Kutno","article_modified_time":"2026-03-24T19:40:57+00:00","twitter_card":"summary_large_image","twitter_misc":{"Szacowany czas czytania":"2 minuty"},"schema":{"@context":"https:\/\/schema.org","@graph":[{"@type":"WebPage","@id":"http:\/\/stowarzyszeniewenus.pl\/","url":"http:\/\/stowarzyszeniewenus.pl\/","name":"O NAS - Stowarzyszenie Wenus Kutno","isPartOf":{"@id":"http:\/\/stowarzyszeniewenus.pl\/#website"},"datePublished":"2024-01-02T17:09:23+00:00","dateModified":"2026-03-24T19:40:57+00:00","description":"Naszym celem jest wspieranie rodzica znajduj\u0105cego si\u0119 w ci\u0119\u017ckiej sytuacji materialnej, psychicznej i mieszkalnej.","breadcrumb":{"@id":"http:\/\/stowarzyszeniewenus.pl\/#breadcrumb"},"inLanguage":"pl-PL","potentialAction":[{"@type":"ReadAction","target":["http:\/\/stowarzyszeniewenus.pl\/"]}]},{"@type":"BreadcrumbList","@id":"http:\/\/stowarzyszeniewenus.pl\/#breadcrumb","itemListElement":[{"@type":"ListItem","position":1,"name":"Home","item":"http:\/\/stowarzyszeniewenus.pl\/"},{"@type":"ListItem","position":2,"name":"O NAS"}]},{"@type":"WebSite","@id":"http:\/\/stowarzyszeniewenus.pl\/#website","url":"http:\/\/stowarzyszeniewenus.pl\/","name":"Stowarzyszenie Wenus Kutno","description":"","publisher":{"@id":"http:\/\/stowarzyszeniewenus.pl\/#organization"},"potentialAction":[{"@type":"SearchAction","target":{"@type":"EntryPoint","urlTemplate":"http:\/\/stowarzyszeniewenus.pl\/?s={search_term_string}"},"query-input":"required name=search_term_string"}],"inLanguage":"pl-PL"},{"@type":"Organization","@id":"http:\/\/stowarzyszeniewenus.pl\/#organization","name":"Stowarzyszenie Wenus Kutno","url":"http:\/\/stowarzyszeniewenus.pl\/","logo":{"@type":"ImageObject","inLanguage":"pl-PL","@id":"http:\/\/stowarzyszeniewenus.pl\/#\/schema\/logo\/image\/","url":"https:\/\/stowarzyszeniewenus.pl\/wp-content\/uploads\/2025\/04\/cropped-LOGO-WENUS.png","contentUrl":"https:\/\/stowarzyszeniewenus.pl\/wp-content\/uploads\/2025\/04\/cropped-LOGO-WENUS.png","width":1563,"height":1563,"caption":"Stowarzyszenie Wenus Kutno"},"image":{"@id":"http:\/\/stowarzyszeniewenus.pl\/#\/schema\/logo\/image\/"}}]}},"_links":{"self":[{"href":"https:\/\/stowarzyszeniewenus.pl\/index.php?rest_route=\/wp\/v2\/pages\/14","targetHints":{"allow":["GET"]}}],"collection":[{"href":"https:\/\/stowarzyszeniewenus.pl\/index.php?rest_route=\/wp\/v2\/pages"}],"about":[{"href":"https:\/\/stowarzyszeniewenus.pl\/index.php?rest_route=\/wp\/v2\/types\/page"}],"author":[{"embeddable":true,"href":"https:\/\/stowarzyszeniewenus.pl\/index.php?rest_route=\/wp\/v2\/users\/1"}],"replies":[{"embeddable":true,"href":"https:\/\/stowarzyszeniewenus.pl\/index.php?rest_route=%2Fwp%2Fv2%2Fcomments&post=14"}],"version-history":[{"count":13,"href":"https:\/\/stowarzyszeniewenus.pl\/index.php?rest_route=\/wp\/v2\/pages\/14\/revisions"}],"predecessor-version":[{"id":765,"href":"https:\/\/stowarzyszeniewenus.pl\/index.php?rest_route=\/wp\/v2\/pages\/14\/revisions\/765"}],"wp:attachment":[{"href":"https:\/\/stowarzyszeniewenus.pl\/index.php?rest_route=%2Fwp%2Fv2%2Fmedia&parent=14"}],"curies":[{"name":"wp","href":"https:\/\/api.w.org\/{rel}","templated":true}]}}